{"id":21,"date":"2024-07-30T13:02:44","date_gmt":"2024-07-30T13:02:44","guid":{"rendered":"https:\/\/gara2.uxthemes.net\/gio-hang\/"},"modified":"2024-07-30T13:02:44","modified_gmt":"2024-07-30T13:02:44","slug":"gio-hang","status":"publish","type":"page","link":"https:\/\/gara2.uxthemes.net\/?page_id=21","title":{"rendered":"Gi\u1ecf h\u00e0ng"},"content":{"rendered":"\n<div data-block-name=\"woocommerce\/cart\" class=\"wp-block-woocommerce-cart alignwide is-loading\">\n<div data-block-name=\"woocommerce\/filled-cart-block\" class=\"wp-block-woocommerce-filled-cart-block\">\n<div data-block-name=\"woocommerce\/cart-items-block\" class=\"wp-block-woocommerce-cart-items-block\">\n<div data-block-name=\"woocommerce\/cart-line-items-block\" class=\"wp-block-woocommerce-cart-line-items-block\"><\/div>\n\n\n\n<div data-block-name=\"woocommerce\/cart-cross-sells-block\" class=\"wp-block-woocommerce-cart-cross-sells-block\">\n<h2 class=\"wp-block-heading has-large-font-size\">B\u1ea1n c\u00f3 th\u1ec3 quan t\u00e2m \u0111\u1ebfn\u2026<\/h2>\n\n\n\n<div data-block-name=\"woocommerce\/cart-cross-sells-products-block\" class=\"wp-block-woocommerce-cart-cross-sells-products-block\"><\/div>\n<\/div>\n<\/div>\n\n\n\n<div data-block-name=\"woocommerce\/cart-totals-block\" class=\"wp-block-woocommerce-cart-totals-block\">\n<div data-block-name=\"woocommerce\/cart-order-summary-block\" class=\"wp-block-woocommerce-cart-order-summary-block\">\n<div data-block-name=\"woocommerce\/cart-order-summary-heading-block\" class=\"wp-block-woocommerce-cart-order-summary-heading-block\"><\/div><div data-block-name=\"woocommerce\/cart-order-summary-coupon-form-block\" class=\"wp-block-woocommerce-cart-order-summary-coupon-form-block\"><\/div><div data-block-name=\"woocommerce\/cart-order-summary-totals-block\" class=\"wp-block-woocommerce-cart-order-summary-totals-block\">\n<div data-block-name=\"woocommerce\/cart-order-summary-subtotal-block\" class=\"wp-block-woocommerce-cart-order-summary-subtotal-block\"><\/div>\n<div data-block-name=\"woocommerce\/cart-order-summary-discount-block\" class=\"wp-block-woocommerce-cart-order-summary-discount-block\"><\/div>\n<div data-block-name=\"woocommerce\/cart-order-summary-fee-block\" class=\"wp-block-woocommerce-cart-order-summary-fee-block\"><\/div>\n<div data-block-name=\"woocommerce\/cart-order-summary-shipping-block\" class=\"wp-block-woocommerce-cart-order-summary-shipping-block\"><\/div>\n<div data-block-name=\"woocommerce\/cart-order-summary-taxes-block\" class=\"wp-block-woocommerce-cart-order-summary-taxes-block\"><\/div><\/div>\n<\/div>\n\n\n\n<div data-block-name=\"woocommerce\/cart-express-payment-block\" class=\"wp-block-woocommerce-cart-express-payment-block\"><\/div>\n\n\n\n<div data-block-name=\"woocommerce\/proceed-to-checkout-block\" class=\"wp-block-woocommerce-proceed-to-checkout-block\"><\/div>\n\n\n\n<div data-block-name=\"woocommerce\/cart-accepted-payment-methods-block\" class=\"wp-block-woocommerce-cart-accepted-payment-methods-block\"><\/div>\n<\/div>\n<\/div>\n\n\n\n<div data-block-name=\"woocommerce\/empty-cart-block\" class=\"wp-block-woocommerce-empty-cart-block\">\n<h2 class=\"wp-block-heading has-text-align-center with-empty-cart-icon wc-block-cart__empty-cart__title\">Gi\u1ecf h\u00e0ng hi\u1ec7n t\u1ea1i ch\u01b0a c\u00f3 s\u1ea3n ph\u1ea9m n\u00e0o!<\/h2>\n\n\n\n<hr class=\"wp-block-separator has-alpha-channel-opacity is-style-dots\"\/>\n\n\n\n<h2 class=\"wp-block-heading has-text-align-center\">M\u1edbi trong c\u1eeda h\u00e0ng<\/h2>\n\n\n<div data-block-name=\"woocommerce\/product-new\" data-columns=\"4\" data-rows=\"1\" class=\"wc-block-grid wp-block-product-new wp-block-woocommerce-product-new wc-block-product-new has-4-columns\"><ul class=\"wc-block-grid__products\"><li class=\"wc-block-grid__product\">\n\t\t\t\t<a href=\"https:\/\/gara2.uxthemes.net\/?product=tem-xe-exciter-150-ex15048\" class=\"wc-block-grid__product-link\">\n\t\t\t\t\t<div class=\"wc-block-grid__product-onsale\">\n\t\t\t<span aria-hidden=\"true\">Khuy\u1ebfn m\u1ea1i<\/span>\n\t\t\t<span class=\"screen-reader-text\">S\u1ea3n ph\u1ea9m \u0111ang gi\u1ea3m gi\u00e1<\/span>\n\t\t<\/div>\n\t\t\t\t\t<div class=\"wc-block-grid__product-image\"><img loading=\"lazy\" decoding=\"async\" width=\"1000\" height=\"1000\" src=\"https:\/\/gara2.uxthemes.net\/wp-content\/uploads\/2024\/08\/ex15048-dotrang-den-1000x1000.webp\" class=\"attachment-woocommerce_thumbnail size-woocommerce_thumbnail\" alt=\"Tem Xe Exciter 150 | EX15048\" srcset=\"https:\/\/gara2.uxthemes.net\/wp-content\/uploads\/2024\/08\/ex15048-dotrang-den-1000x1000.webp 1000w, https:\/\/gara2.uxthemes.net\/wp-content\/uploads\/2024\/08\/ex15048-dotrang-den-300x300.webp 300w, https:\/\/gara2.uxthemes.net\/wp-content\/uploads\/2024\/08\/ex15048-dotrang-den-1024x1024.webp 1024w, https:\/\/gara2.uxthemes.net\/wp-content\/uploads\/2024\/08\/ex15048-dotrang-den-150x150.webp 150w, https:\/\/gara2.uxthemes.net\/wp-content\/uploads\/2024\/08\/ex15048-dotrang-den-768x768.webp 768w, https:\/\/gara2.uxthemes.net\/wp-content\/uploads\/2024\/08\/ex15048-dotrang-den-1536x1536.webp 1536w, https:\/\/gara2.uxthemes.net\/wp-content\/uploads\/2024\/08\/ex15048-dotrang-den-2048x2048.webp 2048w, https:\/\/gara2.uxthemes.net\/wp-content\/uploads\/2024\/08\/ex15048-dotrang-den-100x100.webp 100w\" sizes=\"auto, (max-width: 1000px) 100vw, 1000px\" \/><\/div>\n\t\t\t\t\t<div class=\"wc-block-grid__product-title\">Tem Xe Exciter 150 | EX15048<\/div>\n\t\t\t\t<\/a>\n\t\t\t\t<div class=\"wc-block-grid__product-price price\"><del aria-hidden=\"true\"><span class=\"woocommerce-Price-amount amount\">210,000<span class=\"woocommerce-Price-currencySymbol\">&#8363;<\/span><\/span><\/del> <span class=\"screen-reader-text\">Gi\u00e1 g\u1ed1c l\u00e0: 210,000&#8363;.<\/span><ins aria-hidden=\"true\"><span class=\"woocommerce-Price-amount amount\">185,000<span class=\"woocommerce-Price-currencySymbol\">&#8363;<\/span><\/span><\/ins><span class=\"screen-reader-text\">Gi\u00e1 hi\u1ec7n t\u1ea1i l\u00e0: 185,000&#8363;.<\/span><\/div>\n\t\t\t\t\n\t\t\t\t<div class=\"wp-block-button wc-block-grid__product-add-to-cart\"><a href=\"\/index.php?rest_route=%2Fwp%2Fv2%2Fpages%2F21&#038;add-to-cart=717\" aria-label=\"Th\u00eam v\u00e0o gi\u1ecf h\u00e0ng: &ldquo;Tem Xe Exciter 150 | EX15048&rdquo;\" data-quantity=\"1\" data-product_id=\"717\" data-product_sku=\"\" data-price=\"185000\" rel=\"nofollow\" class=\"wp-block-button__link  add_to_cart_button ajax_add_to_cart\">Mua ngay<\/a><\/div>\n\t\t\t<\/li><li class=\"wc-block-grid__product\">\n\t\t\t\t<a href=\"https:\/\/gara2.uxthemes.net\/?product=tem-xe-yamaha-pg-1-pg1-01\" class=\"wc-block-grid__product-link\">\n\t\t\t\t\t<div class=\"wc-block-grid__product-onsale\">\n\t\t\t<span aria-hidden=\"true\">Khuy\u1ebfn m\u1ea1i<\/span>\n\t\t\t<span class=\"screen-reader-text\">S\u1ea3n ph\u1ea9m \u0111ang gi\u1ea3m gi\u00e1<\/span>\n\t\t<\/div>\n\t\t\t\t\t<div class=\"wc-block-grid__product-image\"><img loading=\"lazy\" decoding=\"async\" width=\"1000\" height=\"997\" src=\"https:\/\/gara2.uxthemes.net\/wp-content\/uploads\/2024\/08\/artboard-16-100-1000x997.webp\" class=\"attachment-woocommerce_thumbnail size-woocommerce_thumbnail\" alt=\"Tem Xe Yamaha PG-1 | PG1-01\" srcset=\"https:\/\/gara2.uxthemes.net\/wp-content\/uploads\/2024\/08\/artboard-16-100-1000x997.webp 1000w, https:\/\/gara2.uxthemes.net\/wp-content\/uploads\/2024\/08\/artboard-16-100-300x300.webp 300w, https:\/\/gara2.uxthemes.net\/wp-content\/uploads\/2024\/08\/artboard-16-100-1024x1021.webp 1024w, https:\/\/gara2.uxthemes.net\/wp-content\/uploads\/2024\/08\/artboard-16-100-150x150.webp 150w, https:\/\/gara2.uxthemes.net\/wp-content\/uploads\/2024\/08\/artboard-16-100-768x766.webp 768w, https:\/\/gara2.uxthemes.net\/wp-content\/uploads\/2024\/08\/artboard-16-100-100x100.webp 100w, https:\/\/gara2.uxthemes.net\/wp-content\/uploads\/2024\/08\/artboard-16-100.webp 1423w\" sizes=\"auto, (max-width: 1000px) 100vw, 1000px\" \/><\/div>\n\t\t\t\t\t<div class=\"wc-block-grid__product-title\">Tem Xe Yamaha PG-1 | PG1-01<\/div>\n\t\t\t\t<\/a>\n\t\t\t\t<div class=\"wc-block-grid__product-price price\"><del aria-hidden=\"true\"><span class=\"woocommerce-Price-amount amount\">210,000<span class=\"woocommerce-Price-currencySymbol\">&#8363;<\/span><\/span><\/del> <span class=\"screen-reader-text\">Gi\u00e1 g\u1ed1c l\u00e0: 210,000&#8363;.<\/span><ins aria-hidden=\"true\"><span class=\"woocommerce-Price-amount amount\">185,000<span class=\"woocommerce-Price-currencySymbol\">&#8363;<\/span><\/span><\/ins><span class=\"screen-reader-text\">Gi\u00e1 hi\u1ec7n t\u1ea1i l\u00e0: 185,000&#8363;.<\/span><\/div>\n\t\t\t\t\n\t\t\t\t<div class=\"wp-block-button wc-block-grid__product-add-to-cart\"><a href=\"\/index.php?rest_route=%2Fwp%2Fv2%2Fpages%2F21&#038;add-to-cart=711\" aria-label=\"Th\u00eam v\u00e0o gi\u1ecf h\u00e0ng: &ldquo;Tem Xe Yamaha PG-1 | PG1-01&rdquo;\" data-quantity=\"1\" data-product_id=\"711\" data-product_sku=\"\" data-price=\"185000\" rel=\"nofollow\" class=\"wp-block-button__link  add_to_cart_button ajax_add_to_cart\">Mua ngay<\/a><\/div>\n\t\t\t<\/li><li class=\"wc-block-grid__product\">\n\t\t\t\t<a href=\"https:\/\/gara2.uxthemes.net\/?product=tem-trum-winner-v4-wnt-18-dinh-cao\" class=\"wc-block-grid__product-link\">\n\t\t\t\t\t<div class=\"wc-block-grid__product-onsale\">\n\t\t\t<span aria-hidden=\"true\">Khuy\u1ebfn m\u1ea1i<\/span>\n\t\t\t<span class=\"screen-reader-text\">S\u1ea3n ph\u1ea9m \u0111ang gi\u1ea3m gi\u00e1<\/span>\n\t\t<\/div>\n\t\t\t\t\t<div class=\"wc-block-grid__product-image\"><img loading=\"lazy\" decoding=\"async\" width=\"1000\" height=\"1000\" src=\"https:\/\/gara2.uxthemes.net\/wp-content\/uploads\/2024\/08\/thumb-beb8dbf0-92c5-49cd-aa43-1573465ef072-1000x1000.webp\" class=\"attachment-woocommerce_thumbnail size-woocommerce_thumbnail\" alt=\"Tem Tr\u00f9m Winner V4 | WNT-18 | \u0110\u1ec9nh Cao\" srcset=\"https:\/\/gara2.uxthemes.net\/wp-content\/uploads\/2024\/08\/thumb-beb8dbf0-92c5-49cd-aa43-1573465ef072-1000x1000.webp 1000w, https:\/\/gara2.uxthemes.net\/wp-content\/uploads\/2024\/08\/thumb-beb8dbf0-92c5-49cd-aa43-1573465ef072-300x300.webp 300w, https:\/\/gara2.uxthemes.net\/wp-content\/uploads\/2024\/08\/thumb-beb8dbf0-92c5-49cd-aa43-1573465ef072-1024x1024.webp 1024w, https:\/\/gara2.uxthemes.net\/wp-content\/uploads\/2024\/08\/thumb-beb8dbf0-92c5-49cd-aa43-1573465ef072-150x150.webp 150w, https:\/\/gara2.uxthemes.net\/wp-content\/uploads\/2024\/08\/thumb-beb8dbf0-92c5-49cd-aa43-1573465ef072-768x768.webp 768w, https:\/\/gara2.uxthemes.net\/wp-content\/uploads\/2024\/08\/thumb-beb8dbf0-92c5-49cd-aa43-1573465ef072-1536x1536.webp 1536w, https:\/\/gara2.uxthemes.net\/wp-content\/uploads\/2024\/08\/thumb-beb8dbf0-92c5-49cd-aa43-1573465ef072-2048x2048.webp 2048w, https:\/\/gara2.uxthemes.net\/wp-content\/uploads\/2024\/08\/thumb-beb8dbf0-92c5-49cd-aa43-1573465ef072-100x100.webp 100w\" sizes=\"auto, (max-width: 1000px) 100vw, 1000px\" \/><\/div>\n\t\t\t\t\t<div class=\"wc-block-grid__product-title\">Tem Tr\u00f9m Winner V4 | WNT-18 | \u0110\u1ec9nh Cao<\/div>\n\t\t\t\t<\/a>\n\t\t\t\t<div class=\"wc-block-grid__product-price price\"><del aria-hidden=\"true\"><span class=\"woocommerce-Price-amount amount\">210,000<span class=\"woocommerce-Price-currencySymbol\">&#8363;<\/span><\/span><\/del> <span class=\"screen-reader-text\">Gi\u00e1 g\u1ed1c l\u00e0: 210,000&#8363;.<\/span><ins aria-hidden=\"true\"><span class=\"woocommerce-Price-amount amount\">185,000<span class=\"woocommerce-Price-currencySymbol\">&#8363;<\/span><\/span><\/ins><span class=\"screen-reader-text\">Gi\u00e1 hi\u1ec7n t\u1ea1i l\u00e0: 185,000&#8363;.<\/span><\/div>\n\t\t\t\t\n\t\t\t\t<div class=\"wp-block-button wc-block-grid__product-add-to-cart\"><a href=\"\/index.php?rest_route=%2Fwp%2Fv2%2Fpages%2F21&#038;add-to-cart=655\" aria-label=\"Th\u00eam v\u00e0o gi\u1ecf h\u00e0ng: &ldquo;Tem Tr\u00f9m Winner V4 | WNT-18 | \u0110\u1ec9nh Cao&rdquo;\" data-quantity=\"1\" data-product_id=\"655\" data-product_sku=\"\" data-price=\"185000\" rel=\"nofollow\" class=\"wp-block-button__link  add_to_cart_button ajax_add_to_cart\">Mua ngay<\/a><\/div>\n\t\t\t<\/li><li class=\"wc-block-grid__product\">\n\t\t\t\t<a href=\"https:\/\/gara2.uxthemes.net\/?product=tem-trum-winner-v3-wnt-16-phong-cach-2024\" class=\"wc-block-grid__product-link\">\n\t\t\t\t\t<div class=\"wc-block-grid__product-onsale\">\n\t\t\t<span aria-hidden=\"true\">Khuy\u1ebfn m\u1ea1i<\/span>\n\t\t\t<span class=\"screen-reader-text\">S\u1ea3n ph\u1ea9m \u0111ang gi\u1ea3m gi\u00e1<\/span>\n\t\t<\/div>\n\t\t\t\t\t<div class=\"wc-block-grid__product-image\"><img loading=\"lazy\" decoding=\"async\" width=\"1000\" height=\"1000\" src=\"https:\/\/gara2.uxthemes.net\/wp-content\/uploads\/2024\/08\/thumb-4767b2bd-005c-4309-84eb-6f25a9dc668d-1000x1000.webp\" class=\"attachment-woocommerce_thumbnail size-woocommerce_thumbnail\" alt=\"Tem Tr\u00f9m Winner V3 | WNT-16 | Phong C\u00e1ch 2024\" srcset=\"https:\/\/gara2.uxthemes.net\/wp-content\/uploads\/2024\/08\/thumb-4767b2bd-005c-4309-84eb-6f25a9dc668d-1000x1000.webp 1000w, https:\/\/gara2.uxthemes.net\/wp-content\/uploads\/2024\/08\/thumb-4767b2bd-005c-4309-84eb-6f25a9dc668d-300x300.webp 300w, https:\/\/gara2.uxthemes.net\/wp-content\/uploads\/2024\/08\/thumb-4767b2bd-005c-4309-84eb-6f25a9dc668d-1024x1024.webp 1024w, https:\/\/gara2.uxthemes.net\/wp-content\/uploads\/2024\/08\/thumb-4767b2bd-005c-4309-84eb-6f25a9dc668d-150x150.webp 150w, https:\/\/gara2.uxthemes.net\/wp-content\/uploads\/2024\/08\/thumb-4767b2bd-005c-4309-84eb-6f25a9dc668d-768x768.webp 768w, https:\/\/gara2.uxthemes.net\/wp-content\/uploads\/2024\/08\/thumb-4767b2bd-005c-4309-84eb-6f25a9dc668d-1536x1536.webp 1536w, https:\/\/gara2.uxthemes.net\/wp-content\/uploads\/2024\/08\/thumb-4767b2bd-005c-4309-84eb-6f25a9dc668d-2048x2048.webp 2048w, https:\/\/gara2.uxthemes.net\/wp-content\/uploads\/2024\/08\/thumb-4767b2bd-005c-4309-84eb-6f25a9dc668d-100x100.webp 100w\" sizes=\"auto, (max-width: 1000px) 100vw, 1000px\" \/><\/div>\n\t\t\t\t\t<div class=\"wc-block-grid__product-title\">Tem Tr\u00f9m Winner V3 | WNT-16 | Phong C\u00e1ch 2024<\/div>\n\t\t\t\t<\/a>\n\t\t\t\t<div class=\"wc-block-grid__product-price price\"><del aria-hidden=\"true\"><span class=\"woocommerce-Price-amount amount\">210,000<span class=\"woocommerce-Price-currencySymbol\">&#8363;<\/span><\/span><\/del> <span class=\"screen-reader-text\">Gi\u00e1 g\u1ed1c l\u00e0: 210,000&#8363;.<\/span><ins aria-hidden=\"true\"><span class=\"woocommerce-Price-amount amount\">185,000<span class=\"woocommerce-Price-currencySymbol\">&#8363;<\/span><\/span><\/ins><span class=\"screen-reader-text\">Gi\u00e1 hi\u1ec7n t\u1ea1i l\u00e0: 185,000&#8363;.<\/span><\/div>\n\t\t\t\t\n\t\t\t\t<div class=\"wp-block-button wc-block-grid__product-add-to-cart\"><a href=\"\/index.php?rest_route=%2Fwp%2Fv2%2Fpages%2F21&#038;add-to-cart=654\" aria-label=\"Th\u00eam v\u00e0o gi\u1ecf h\u00e0ng: &ldquo;Tem Tr\u00f9m Winner V3 | WNT-16 | Phong C\u00e1ch 2024&rdquo;\" data-quantity=\"1\" data-product_id=\"654\" data-product_sku=\"\" data-price=\"185000\" rel=\"nofollow\" class=\"wp-block-button__link  add_to_cart_button ajax_add_to_cart\">Mua ngay<\/a><\/div>\n\t\t\t<\/li><\/ul><\/div><\/div>\n<\/div>\n","protected":false},"excerpt":{"rendered":"","protected":false},"author":1,"featured_media":0,"parent":0,"menu_order":0,"comment_status":"closed","ping_status":"closed","template":"","meta":{"_acf_changed":false,"footnotes":""},"class_list":["post-21","page","type-page","status-publish","hentry"],"acf":[],"_links":{"self":[{"href":"https:\/\/gara2.uxthemes.net\/index.php?rest_route=\/wp\/v2\/pages\/21","targetHints":{"allow":["GET"]}}],"collection":[{"href":"https:\/\/gara2.uxthemes.net\/index.php?rest_route=\/wp\/v2\/pages"}],"about":[{"href":"https:\/\/gara2.uxthemes.net\/index.php?rest_route=\/wp\/v2\/types\/page"}],"author":[{"embeddable":true,"href":"https:\/\/gara2.uxthemes.net\/index.php?rest_route=\/wp\/v2\/users\/1"}],"replies":[{"embeddable":true,"href":"https:\/\/gara2.uxthemes.net\/index.php?rest_route=%2Fwp%2Fv2%2Fcomments&post=21"}],"version-history":[{"count":0,"href":"https:\/\/gara2.uxthemes.net\/index.php?rest_route=\/wp\/v2\/pages\/21\/revisions"}],"wp:attachment":[{"href":"https:\/\/gara2.uxthemes.net\/index.php?rest_route=%2Fwp%2Fv2%2Fmedia&parent=21"}],"curies":[{"name":"wp","href":"https:\/\/api.w.org\/{rel}","templated":true}]}}